b**5/20 - 2*b**4/3 + 7*b**3/6 + 5*b**2/2 + 6205*b. Determine n(7).
5
Let v(t) = t**2 + 9*t + 1. Let n(y) = 19*y + 36*y**2 + 1 - 3*y**2 + 1 - 31*y**2. Let f(s) = -4*n(s) + 9*v(s). Give f(-6).
7
Let i(v) = -1230*v**2 + 148 + 318*v**2 + 308*v**2 + 308*v**2 + 307*v**2 + v**3. Determine i(-12).
4
Let j(i) = i**3 + 2*i**2 - 2*i - 2. Let l be j(2). Suppose 120 = -l*c - 14*c. Let b(o) = -2*o**2 - 8*o - 3. Calculate b(c).
-13
Let n(w) be the first derivative of -23 + 4*w + 1/3*w**3 + 0*w**2. Give n(0).
4
Suppose 3*k + 5*p - 35 = 0, 5*k - 1033*p = -1029*p + 46. Let b(n) = 15*n - 159. What is b(k)?
-9
Suppose 23 = -w + 3*i, 820*i + 33 = w + 825*i. Let b(a) be the second derivative of a**5/5 - a**3/6 - a**2/2 - a. Calculate b(w).
-31
Let c(y) be the third derivative of y**6/120 - 2*y**5/15 + y**4/3 - 2*y**2. Suppose -55*z = -56*z - 3. Let x be (2/(-12))/((-1)/(-14))*z. Determine c(x).
7
Let r be (-375)/200*(-40)/5 - 8. Let k(y) = -y**2 + 11*y - 24. Give k(r).
4
Let m(x) be the third derivative of x**5/60 - 25*x**4/24 + 32*x**3/3 + 6489*x**2. Give m(3).
-2
Let v(n) = 25*n + 43. Let w be (-80)/(-30)*(2/4 + 1). Let g(p) = -9*p - 14. Let z(t) = w*v(t) + 11*g(t). Calculate z(-11).
7
Let w(s) = 195*s - 97. Let j be w(3). Let n(d) = 5*d**2 + 491*d - 3*d**3 + 6 + 4*d**3 - j*d. Give n(-5).
-9
Suppose -o - 2*p = -11, 0*p = -3*o - p + 13. Let r(n) = -n + 84*n**2 + 4*n - 3 - 85*n**2 + 3*n - 1. Calculate r(o).
5
Let t(d) = 6*d**3 + 2*d**2 + 9*d - 20. Let o(s) = 11*s**3 + 5*s**2 + 17*s - 36. Let g(y) = -4*o(y) + 7*t(y). What is g(-3)?
19
Let n(b) = b**2 + 2*b + 3. Let t be n(-4). Let m(g) = 2*g - t + 3*g - 4*g. Let o be (9 - (-1 - -13)) + 3 - 3 - -9. Calculate m(o).
-5
Let i(d) = d - 4. Suppose -4*k - 5*r = 54, 48*k - 51*k - 5*r = 43. Give i(k).
-15
Let g(u) = 10*u + 27. Suppose 0 = -7*w + 9*w + 2*h + 2, 2*w - 6 = -6*h. What is g(w)?
-3
Let o(t) = 7622*t**2 - 3830*t**2 + 66 + 17*t - 3793*t**2. Calculate o(20).
6
Suppose -10*w - 2*s = -16, 0 = -4*w - 2*s - 2*s. Let t(d) = -4*d**2 + d**3 - d + 0 + 4 + d**2. Give t(w).
-2
Let t(x) = -3*x**2 + 0 + 2*x**2 + 0*x**2 - 7 - 7*x. Let p be (-15)/(-1) - 6/3. Suppose -r - p = 2*c, -4*r - 2*c + 5*c = 8. What is t(r)?
3
Let g(z) = 3*z - 2 + 12*z + 5. Suppose 5*u - 5*j = -70, 1181 = u + j + 1169. What is g(u)?
-12
Let i(b) = -b**2 - 86*b - 248. Suppose 180*a + 173*a + 1059 = 0. Give i(a).
1
Let b(m) = 16*m**3 - 4 + 5 + 1 - 15*m**3 - 5 - 10*m**2 + 10*m. Let z be b(9). Let j(r) = -4*r + 7. Give j(z).
-17
Let a(z) = z**3 - 97*z**2 + 102*z - 583. Let x be a(96). Let b(i) = -i**2 - 8*i + 19. What is b(x)?
26
Let c(i) = -i**2 + 4*i - 5*i + 7*i. Let w be 4*2 - (35 + -31 + 4) - -6. What is c(w)?
0
Let k(m) = m**2 - 7*m - 4. Let x = 61 - 55. Let d be (-135)/30*(-8)/x. What is k(d)?
-10
Let o be 2/8*-1 + (-164)/(-16). Let z(n) = 157*n**2 - 9 - 168*n**2 + 16 + 10*n + n**3. What is z(o)?
7
Let g(r) = 10*r**2 - 2*r + 1. Suppose -2*q = -0*q. Suppose -89*s + 28 = -85*s. Suppose -4*f + j + 2 = q, 3*j = s*j - 8. What is g(f)?
9
Let u(n) = -13*n**2 + 8*n + 3. Let a(m) = -19*m**2 + 8*m + 4. Let r(i) = -2*a(i) + 3*u(i). Let w = 7 - 3. What is r(w)?
17
Let d(b) = 2*b**2 - 24*b + 24. Let s(i) = 2*i + 49. Let h be s(-19). Let v be d(h). Let l(w) = -2*w**2 + 3*w - 1. Determine l(v).
-3
Let z(o) = -2*o**2 + 1439*o + 26 + 27 - 1432*o - 47. Determine z(-2).
-16
Let q = -614 - -677. Let j(o) = 25 - q + 5*o**2 - 10*o + 35 + o**3. What is j(-7)?
-31
Let k(o) = 0*o**3 + 5*o**3 - 6*o**3 - 11556*o**2 + 23103*o**2 - 25 + o - 11558*o**2. Determine k(-11).
-36
Let t(u) be the first derivative of -12*u**2 + 43*u + 28. Let v(o) = -7*o + 14. Let a(c) = -2*t(c) + 7*v(c). Calculate a(6).
6
Let m(w) = -w**2 + 5 - 2*w + 2*w**2 - 2*w**2. Let h be (-40)/(-50) - (384/10)/(-2). Suppose -3*v = 2*v + 5*b + h, v + 4 = 3*b. Determine m(v).
-3
Let d = -4 + 5. Let t = -110 - -113. Let l(s) = -537*s**t - 4 + 536*s**3 + s**2 + 3. What is l(d)?
-1
Let x(o) = -21*o**3 - 2*o - 1. Suppose -5*j + j - 20 = -4*a, 4*a = -2*j + 8. Suppose -117 = -a*h - 0*h. Suppose 0 = h*v - 41*v - 2. What is x(v)?
22
Let a(m) = -12*m - 26. Let q be (4/(-10))/(12/60). Give a(q).
-2
Let g(r) = -11 - 7 - 3*r + 2*r. Let b be (-96)/20 - -5 - 4623/15. Let c = 297 + b. Determine g(c).
-7
Let z(n) be the second derivative of -n**5/20 + 17*n**4/12 - 10*n**3/3 + 26*n**2 + 39*n - 4. Give z(16).
-12
Let w = -481 - -501. Suppose 67*p - 62*p = w. Let d(i) = -i + 4. Calculate d(p).
0
Let a(o) = -o**3 - 6*o**2 + o + 4. Let w(p) = p**2 - 6*p + 15. Let l = -83 - -91. Let q be w(l). Let n = q + -37. Determine a(n).
-2
Let u(g) = 29*g + 15*g + 18*g - 49*g. Give u(-8).
-104
Let i(v) = 7*v**3 + v**2. Let p(d) = -15*d - 60. Let b be p(-4). Let h be 36/(-81) + b + (-5)/9. Calculate i(h).
-6
Suppose z - 1449 = 2*x + 4*z, 2*z + 6 = 0. Let l = x - -722. Let a(r) be the third derivative of r**4/8 - r**3/6 + r**2. What is a(l)?
5
Let s(y) be the third derivative of 18 + 1/8*y**4 + 0*y - 19/6*y**3 - 3*y**2. Calculate s(6).
-1
Suppose 11 = 4*y + 2*l - 1, 5*y = -l + 18. Let c(z) = 3*z - 2*z + 2 - y - 3*z. Give c(-6).
10
Let o(d) = 2*d + 29. Let a be -2*4*7/(-32)*-4. Calculate o(a).
15
Let n(d) = d + 1. Let x(k) = -k**2 - 17*k - 13. Let h = -67 + 68. Let m be (h - 3/1)*(32 - 24). Let r be x(m). Calculate n(r).
4
Let p(f) = f + 6. Suppose 4*q = 7*q - 3*z + 660, -2*z = -10. Let r = -222 - q. Give p(r).
-1
Suppose 5*j - 4*x + 73 = -161, 174 = -3*j + 8*x. Let n(c) = 3*c + 105. What is n(j)?
-21
Suppose 7*i = -41 + 314. Let s(b) = -3 - i*b**2 + 17*b**2 + 10*b**2 + 15*b**2. Calculate s(3).
24
Let v = 21 - 13. Let w be (-114)/30 + v/10. Let x(z) be the first derivative of 3*z**2/2 + 4*z - 3. Determine x(w).
-5
Let z be (54/(-81))/((-8)/(-12)). Let s(l) = 17*l**2 + l + 1. Determine s(z).
17
Let r(o) = 7*o**3 + o**2 - 7*o + 6. Let l(y) = 31*y**3 + 4*y**2 - 31*y + 25. Let g(a) = -2*l(a) + 9*r(a). Suppose 0*q = q. Determine g(q).
4
Let n(h) = -3*h**3 - 13*h**2 + 3*h + 14. Let i(c) = -18*c**2 + 48*c**2 + c + 5 - 35*c**2 - c**3. Let v(z) = 11*i(z) - 4*n(z). Calculate v(3).
-4
Let i(m) = -m**2 + 2*m + 8. Suppose 5*v = 4*u, 4*v = -u + 4*u - 1. Give i(u).
-27
Let s(r) = -r**2 - 3*r + 6. Let n be 124/(-155) + (-2)/10 + 182. Suppose 0 = 172*c - n*c - 36. Give s(c).
2
Let l(x) = -x - 2. Let g(z) = 4*z + 8. Let y(q) = 6*g(q) + 22*l(q). Suppose 4*r = -3*a + 8, 0 = -11*a + 14*a - 4*r + 32. Determine y(a).
-4
Let d be 14/(-28)*-18 + -13 + 3. Let q(b) = 22*b**3 - b**2. Determine q(d).
-23
Let a(k) = k**3 + 4*k**2 - 4*k + 5. Let l = 8 + 17. Suppose -b - 3*s = -11, 0 = -5*b - 0*b - 5*s + l. Suppose 4*t + 9 = 5*p - 1, 8 = -b*t + p. Give a(t).
0
Suppose 18 + 82 = -r. Let y = r + 103. Let v(u) be the first derivative of u**3/3 - u**2 - 4*u - 6. Calculate v(y).
-1
Let b(u) = -463 + 459 + 19*u - 18*u. Calculate b(17).
13
Let z(h) = 3*h**3. Let n(u) = u + 2. Suppose 0 = 5*r - 7*r + 18. Suppose -5*w + 14 + r = -t, -2*t - 2 = w. Let s be n(t). Give z(s).
-3
Let u(z) = 363*z**2 + 2*z + 4. Let g(p) = 1271*p**2 + 4*p + 10. Let l(c) = -2*g(c) + 7*u(c). Let j be 1/(-2) - 34/(-4). Give l(j).
-8
Let u(f) = f**2 - 8*f + 13. Let h = -1715 - -1720. Give u(h).
-2
Let q(v) = 22*v + 272. Let r = -2858 - -2846. Give q(r).
8
Let r(j) = -6 - 2*j + 0*j - 1. Suppose 25 = -10*z - 35. Let b be r(z). Let c(i) = i**3 - 5*i**2 + i + 2. What is c(b)?
7
Let o(m) = -m**3 - 4*m**2 - 2*m - 2. Let k(i) = 5*i**2 - 65*i + 3. Let c be k(13). Suppose 0 = 5*g + 12 + c. What is o(g)?
-5
Suppose 0 = -22*i + 35 - 189. Let c be (-18)/(-63) - 26/i. Let n(a) = a**2 - 4*a + 6. Calculate n(c).
6
Let q(h) be the second derivative of h**3/6 - 20*h**2 + 977*h. Give q(-5).
-45
Let n = 13460 - 13437. Let h(l) = 9*l - 55. Calculate h(n).
152
Let z(a) = 4*a**3 + 3*a**2 + 3*a + 2. Let u = -78 - -75. Let y(s) = 11*s**3 + 8*s**2 + 8*s + 7. Let m(j) = u*y(j) + 8*z(j). Determine m(0).
-5
Let w(j) be the first derivative of -j**3/3 - 3*j**2/2 + 7*j - 10. Let q be w(-4). Let g(o) = 0*o**3 + 5*o**2 + o + 6*o**3 - o**3 - 4*o**q. What is g(-5)?
-5
Let b = -394 + 398. Suppose -b*z + 25 - 45 = 0. Let i(s) = -s**3 - 5*s**2 - 7. Determine i(z).
-7
Let m(q) be the second derivative of 12*q**2 - 2/3*q**3 - 1/8*q**4 - 23*q + 0. Let o(j) be the first derivative of m(j). Determine o(-3).
5
Let c(d) = -d**3 - d**2 - 2*d + 3. Let k(b) = 9*b**